a composite number?
False
Is 180949 a composite number?
False
Is 23717 a composite number?
True
Is 4721 a prime number?
True
Is 15557 prime?
False
Is 175753 a prime number?
True
Is 2543 a composite number?
False
Is 1354247 a prime number?
True
Is 8623 a composite number?
False
Is 7393 a prime number?
True
Is 331997 a composite number?
False
Is 6359 prime?
True
Is 261599 a prime number?
False
Is 2751149 a composite number?
True
Is 114713 composite?
False
Is 10679 prime?
False
Is 82787 prime?
True
Is 203929 a composite number?
True
Is 12281 a composite number?
False
Is 9133 a composite number?
False
Is 1336333 a composite number?
False
Is 110597 prime?
True
Is 51217 prime?
True
Is 67601 prime?
True
Is 56273 a prime number?
False
Is 18301 prime?
True
Is 230597 a prime number?
True
Is 1873337 a prime number?
True
Is 89971 a prime number?
False
Is 94087 a composite number?
True
Is 92437 a composite number?
True
Is 113255 a composite number?
True
Is 164503 a prime number?
True
Is 693197 composite?
True
Is 293 a composite number?
False
Is 3449 composite?
False
Is 272215 prime?
False
Is 983491 a composite number?
False
Is 104461 composite?
True
Is 18923 a prime number?
False
Is 8914 composite?
True
Is 273043 a prime number?
True
Is 44537 composite?
False
Is 42865 a prime number?
False
Is 32071 prime?
False
Is 10517 a prime number?
False
Is 62461 a prime number?
False
Is 9587 a prime number?
True
Is 3613 composite?
False
Is 45647 composite?
True
Is 990163 composite?
False
Is 2777 a prime number?
True
Is 187 prime?
False
Is 471 a composite number?
True
Is 5195 a composite number?
True
Is 51193 a composite number?
False
Is 3377 prime?
False
Is 8869115 composite?
True
Is 9566 a composite number?
True
Is 2737963 a prime number?
False
Is 2392697 prime?
True
Is 326283 a prime number?
False
Is 83067 composite?
True
Is 36323 prime?
False
Is 638303 a prime number?
True
Is 5519 a prime number?
True
Is 2819 composite?
False
Is 44753 a composite number?
False
Is 120811 a prime number?
True
Is 19001 composite?
False
Is 37463 composite?
False
Is 24733 a prime number?
True
Is 50987 a composite number?
True
Is 1519967 a composite number?
False
Is 42899 a prime number?
True
Is 1107355 composite?
True
Is 6623 prime?
False
Is 9103 composite?
False
Is 199151 prime?
True
Is 799 a prime number?
False
Is 695969 composite?
True
Is 5027 a composite number?
True
Is 726623 composite?
False
Is 866819 a prime number?
True
Is 17642 composite?
True
Is 16871 prime?
True
Is 473279 a prime number?
True
Is 475751 prime?
True
Is 7979 a composite number?
True
Is 43117 composite?
False
Is 432737 composite?
False
Is 12659 composite?
False
Is 1877273 a prime number?
False
Is 326309 a composite number?
False
Is 1197407 prime?
True
Is 551651 a prime number?
True
Is 131 a prime number?
True
Is 40801 a prime number?
True
Is 814235 composite?
True
Is 14073 composite?
True
Is 4031 composite?
True
Is 3989 prime?
True
Is 14173 composite?
False
Is 2921 a composite number?
True
Is 2488537 a composite number?
False
Is 355331 prime?
True
Is 450491 a composite number?
True
Is 679517 a prime number?
True
Is 13259 a composite number?
False
Is 6143 composite?
False
Is 29899 a composite number?
True
Is 10871 prime?
False
Is 770071 a prime number?
False
Is 512234 a prime number?
False
Is 662 a prime number?
False
Is 901 a prime number?
False
Is 20017 prime?
False
Is 4303 a composite number?
True
Is 526993 a composite number?
False
Is 695337 a composite number?
True
Is 4595 a composite number?
True
Is 1641 a composite number?
True
Is 2531 a prime number?
True
Is 40193 a composite number?
False
Is 66221 a composite number?
False
Is 1193 composite?
False
Is 239813 a prime number?
False
Is 1781 a composite number?
True
Is 13235 a composite number?
True
Is 83023 a composite number?
False
Is 5939 composite?
False
Is 70211 prime?
False
Is 21467 a prime number?
True
Is 18481 a composite number?
False
Is 618029 a composite number?
False
Is 267929 composite?
False
Is 140099 prime?
False
Is 60266 a prime number?
False
Is 2391827 a prime number?
True
Is 4874 a prime number?
False
Is 113929 a composite number?
True
Is 15815 a composite number?
True
Is 28487 a prime number?
False
Is 27257 a composite number?
True
Is 4291 composite?
True
Is 4772731 a composite number?
False
Is 75079 composite?
False
Is 878987 a composite number?
False
Is 10343 composite?
False
Is 23479 composite?
True
Is 59921 prime?
True
Is 42917 prime?
False
Is 66797 a composite number?
False
Is 21377 a composite number?
False
Is 96217 a prime number?
False
Is 374599 a composite number?
True
Is 19121 a prime number?
True
Is 92753 a composite number?
False
Is 38539 composite?
True
Is 678507 a prime number?
False
Is 4331 composite?
True
Is 965883 a composite number?
True
Is 85991 prime?
True
Is 1015865 a composite number?
True
Is 10295887 prime?
False
Is 10063 a prime number?
False
Is 10418 composite?
True
Is 5599 a composite number?
True
Is 111187 a prime number?
True
Is 49087 a prime number?
False
Is 42729 a prime number?
False
Is 8761 a prime number?
True
Is 112543 a composite number?
False
Is 329 composite?
True
Is 63929 a prime number?
True
Is 143841 composite?
True
Is 367729 composite?
True
Is 275259 composite?
True
Is 58309 prime?
True
Is 25301 a composite number?
False
Is 38013 prime?
False
Is 12233 composite?
True
Is 106573 a prime number?
False
Is 18671 a composite number?
False
Is 363803 a prime number?
False
Is 223 prime?
True
Is 940009 composite?
True
Is 992093 a prime number?
False
Is 7639 composite?
False
Is 3581 prime?
True
Is 9535 a composite number?
True
Is 253 a composite number?
True
Is 242309 composite?
False
Is 15049 a prime number?
False
Is 50291 prime?
True
Is 40897 a prime number?
True
Is 162059 a composite number?
False
Is 7993 a prime number?
True
Is 2251 composite?
False
Is 27533 a prime number?
False
Is 6257 a prime number?
True
Is 2777 a composite number?
False
Is 2054771 prime?
True
Is 157721 a composite number?
False
Is 105513 prime?
False
Is 350159 a prime number?
True
Is 83819 composite?
True
Is 4265 a prime number?
False
Is 1592027 composite?
False
Is 28891 a prime number?
False
Is 16603 a composite number?
False
Is 171571 composite?
False
Is 118571 a composite number?
False
Is 30421 prime?
False
Is 334069 a prime number?
True
Is 531091 a composite number?
True
Is 112997 a composite number?
False
Is 28894 composite?
True
Is 1067 composite?
True
Is 16477 a prime number?
True
Is 330359 a composite number?
False
Is 296299 a composite number?
False
Is 4853 prime?
False
Is 36193 a prime number?
False
Is 1321961 composite?
False
Is 915961 composite?
False
Is 4999 a prime number?
True
Is 10063 a composite number?
True
Is 2933339 a composite number?
False
Is 38345 a prime number?
False
Is 5073017 a composite number?
False
Is 3273 a prime number?
False
Is 6637 a composite number?
False
Is 142261 prime?
False
Is 321509 a composite number?
False
Is 2281 a composite number?
False
Is 3946 prime?
False
Is 30671 a prime number?
True
Is 619829 composite?
True
Is 1094389 a prime number?
False
Is 1811 a prime number?
True
Is 11959 composite?
False
Is 77459 composite?
True
Is 21133 composite?
True
Is 1844473 composite?
False
Is 38557 composite?
False
Is 100447 a prime number?
True
Is 114301 prime?
False
Is 60719 a composite number?
False
Is 44645 composite?
True
Is 7481 a composite number?
False
Is 68269 prime?
False
Is 65233 composite?
True
Is 238627 a prime number?
True
Is 232745 a prime number?
False
Is 3749 a composite number?
True
Is 3501713 composite?
False
Is 30265 composite?
True
Is 240371 prime?
True
Is 4164521 a composite number?
False
Is 2479 a composite number?
True
Is 26801 a prime number?
True
Is 21961 a prime number?
True
Is 22915 a prime number?
False
Is 13261 a prime number?
False
Is 801947 prime?
True
Is 16106 a prime number?
False
Is 23801 composite?
False
Is 23717 prime?
False
Is 7669 prime?
True
Is 1847 a composite number?
False
Is 45971 composite?
False
Is 13081 a prime number?
False
Is 50891 composite?
False
Is 889 a composite number?
True
Is 29923 a prime number?
False
Is 21311 prime?
False
Is 132479 a composite number?
True
Is 14485 composite?
True
Is 83791 composite?
False
Is 49829 a prime number?
False
Is 2950